{"id":4532,"date":"2022-10-13T15:00:49","date_gmt":"2022-10-13T15:00:49","guid":{"rendered":"https:\/\/yanndeclerck.com\/?page_id=4532"},"modified":"2025-02-12T13:26:42","modified_gmt":"2025-02-12T13:26:42","slug":"about","status":"publish","type":"page","link":"https:\/\/yanndeclerck.com\/?page_id=4532","title":{"rendered":"\u00e0 propos."},"content":{"rendered":"\t\t<div data-elementor-type=\"wp-page\" data-elementor-id=\"4532\" class=\"elementor elementor-4532\">\n\t\t\t\t\t\t<section class=\"elementor-section elementor-top-section elementor-element elementor-element-1d0dd98 elementor-section-boxed elementor-section-height-default elementor-section-height-default\" data-id=\"1d0dd98\" data-element_type=\"section\">\n\t\t\t\t\t\t<div class=\"elementor-container elementor-column-gap-default\">\n\t\t\t\t\t<div class=\"elementor-column elementor-col-100 elementor-top-column elementor-element elementor-element-1aa9e2e\" data-id=\"1aa9e2e\" data-element_type=\"column\">\n\t\t\t<div class=\"elementor-widget-wrap elementor-element-populated\">\n\t\t\t\t\t\t<div class=\"elementor-element elementor-element-73e98ee elementor-widget elementor-widget-spacer\" data-id=\"73e98ee\" data-element_type=\"widget\" data-widget_type=\"spacer.default\">\n\t\t\t\t<div class=\"elementor-widget-container\">\n\t\t\t\t\t\t\t<div class=\"elementor-spacer\">\n\t\t\t<div class=\"elementor-spacer-inner\"><\/div>\n\t\t<\/div>\n\t\t\t\t\t\t<\/div>\n\t\t\t\t<\/div>\n\t\t\t\t\t<\/div>\n\t\t<\/div>\n\t\t\t\t\t<\/div>\n\t\t<\/section>\n\t\t\t\t<section class=\"elementor-section elementor-top-section elementor-element elementor-element-f357438 elementor-section-boxed elementor-section-height-default elementor-section-height-default\" data-id=\"f357438\" data-element_type=\"section\">\n\t\t\t\t\t\t<div class=\"elementor-container elementor-column-gap-default\">\n\t\t\t\t\t<div class=\"elementor-column elementor-col-100 elementor-top-column elementor-element elementor-element-82bbc8a\" data-id=\"82bbc8a\" data-element_type=\"column\">\n\t\t\t<div class=\"elementor-widget-wrap elementor-element-populated\">\n\t\t\t\t\t\t<div class=\"elementor-element elementor-element-d1a0528 elementor-widget elementor-widget-text-editor\" data-id=\"d1a0528\" data-element_type=\"widget\" data-widget_type=\"text-editor.default\">\n\t\t\t\t<div class=\"elementor-widget-container\">\n\t\t\t\t\t\t\t\t\t<p><span style=\"background-color: var(--ast-global-color-5); color: var(--ast-global-color-3); font-size: 1rem; font-style: inherit; font-weight: inherit;\">Apr\u00e8s avoir collabor\u00e9 avec de nombreuses marques cr\u00e9ateurs, en France et aux Etats-Unis, puis dirig\u00e9 un atelier de production \u00e0 Paris, j\u2019ai d\u00e9cid\u00e9 de lancer ma propre collection.<\/span><\/p><p><span style=\"font-size: 1rem; font-style: inherit; font-weight: inherit; color: var(--ast-global-color-3); font-family: -apple-system, BlinkMacSystemFont, 'Segoe UI', Roboto, Oxygen-Sans, Ubuntu, Cantarell, 'Helvetica Neue', sans-serif; background-color: var(--ast-global-color-5);\">Des pi\u00e8ces dessin\u00e9es et pens\u00e9es pour s&rsquo;int\u00e9grer facilement \u00e0 votre propre garde-robe. Chaque cr\u00e9ation est unique et influenc\u00e9e par l\u2019esth\u00e9tique japonaise \u201dwabi-sabi\u201d. Travaillant principalement \u00e0 partir d&rsquo;\u00e9toffes naturelles centenaires, tiss\u00e9es main et chin\u00e9es avec soin, elles conf\u00e8rent \u00e0 chaque pi\u00e8ce un charme subtile et un caract\u00e8re unique.<\/span><\/p><p><span style=\"font-size: 1rem; font-style: inherit; font-weight: inherit; color: var(--ast-global-color-3); font-family: -apple-system, BlinkMacSystemFont, 'Segoe UI', Roboto, Oxygen-Sans, Ubuntu, Cantarell, 'Helvetica Neue', sans-serif; background-color: var(--ast-global-color-5);\">Au-del\u00e0 de l&rsquo;aspect esth\u00e9tique, mon style oversize et unisexe s&rsquo;int\u00e8gre d\u00e9lib\u00e9r\u00e9ment dans une d\u00e9marche \u00e9co-responsable. Des pi\u00e8ces pens\u00e9es pour se porter sur un corps qui \u00e9volue, o\u00f9 il n&rsquo;est pas n\u00e9cessaire de se refaire une garde-robe \u00e0 chaque kilo pris ou perdu ! Des cr\u00e9ations qui renouent avec sa long\u00e9vit\u00e9 et la tradition quasi perdue de la transmission du v\u00eatement d&rsquo;une personne \u00e0 une autre, qu&rsquo;elle quelle soit.\u00a0<\/span><\/p><p><span style=\"font-size: 1rem; font-style: inherit; font-weight: inherit; color: var(--ast-global-color-3); font-family: -apple-system, BlinkMacSystemFont, 'Segoe UI', Roboto, Oxygen-Sans, Ubuntu, Cantarell, 'Helvetica Neue', sans-serif; background-color: var(--ast-global-color-5);\">Au travers de mes cr\u00e9ations, je recherche constamment le juste \u00e9quilibre entre casual et formel, confort et tenue pointue. Des v\u00eatements aux lignes simples et aux proportions fortes offrant aux\u00a0 \u00a0nomades modernes en qu\u00eate de mode durable, une tenue tout terrain ; du travail, \u00e0 l&rsquo;after-work, en passant par le vernissage de la galerie du coin !<\/span><\/p>\t\t\t\t\t\t\t\t<\/div>\n\t\t\t\t<\/div>\n\t\t\t\t<div class=\"elementor-element elementor-element-1e5427a elementor-widget elementor-widget-spacer\" data-id=\"1e5427a\" data-element_type=\"widget\" data-widget_type=\"spacer.default\">\n\t\t\t\t<div class=\"elementor-widget-container\">\n\t\t\t\t\t\t\t<div class=\"elementor-spacer\">\n\t\t\t<div class=\"elementor-spacer-inner\"><\/div>\n\t\t<\/div>\n\t\t\t\t\t\t<\/div>\n\t\t\t\t<\/div>\n\t\t\t\t\t<\/div>\n\t\t<\/div>\n\t\t\t\t\t<\/div>\n\t\t<\/section>\n\t\t\t\t<section class=\"elementor-section elementor-top-section elementor-element elementor-element-54ad002 elementor-section-boxed elementor-section-height-default elementor-section-height-default\" data-id=\"54ad002\" data-element_type=\"section\">\n\t\t\t\t\t\t<div class=\"elementor-container elementor-column-gap-default\">\n\t\t\t\t\t<div class=\"elementor-column elementor-col-100 elementor-top-column elementor-element elementor-element-d8557be\" data-id=\"d8557be\" data-element_type=\"column\">\n\t\t\t<div class=\"elementor-widget-wrap elementor-element-populated\">\n\t\t\t\t\t\t\t<\/div>\n\t\t<\/div>\n\t\t\t\t\t<\/div>\n\t\t<\/section>\n\t\t\t\t<section class=\"elementor-section elementor-top-section elementor-element elementor-element-16f2a67 elementor-section-boxed elementor-section-height-default elementor-section-height-default\" data-id=\"16f2a67\" data-element_type=\"section\">\n\t\t\t\t\t\t<div class=\"elementor-container elementor-column-gap-default\">\n\t\t\t\t\t<div class=\"elementor-column elementor-col-100 elementor-top-column elementor-element elementor-element-4584c0c\" data-id=\"4584c0c\" data-element_type=\"column\">\n\t\t\t<div class=\"elementor-widget-wrap elementor-element-populated\">\n\t\t\t\t\t\t<div class=\"elementor-element elementor-element-60e745c elementor-pagination-position-inside elementor-arrows-position-inside elementor-widget elementor-widget-image-carousel\" data-id=\"60e745c\" data-element_type=\"widget\" data-settings=\"{&quot;slides_to_show_mobile&quot;:&quot;3&quot;,&quot;slides_to_scroll_mobile&quot;:&quot;6&quot;,&quot;navigation&quot;:&quot;both&quot;,&quot;autoplay&quot;:&quot;yes&quot;,&quot;pause_on_hover&quot;:&quot;yes&quot;,&quot;pause_on_interaction&quot;:&quot;yes&quot;,&quot;autoplay_speed&quot;:5000,&quot;infinite&quot;:&quot;yes&quot;,&quot;speed&quot;:500}\" data-widget_type=\"image-carousel.default\">\n\t\t\t\t<div class=\"elementor-widget-container\">\n\t\t\t\t\t\t\t<div class=\"elementor-image-carousel-wrapper swiper\" role=\"region\" aria-roledescription=\"carousel\" aria-label=\"Carrousel d\u2019images\" dir=\"ltr\">\n\t\t\t<div class=\"elementor-image-carousel swiper-wrapper\" aria-live=\"off\">\n\t\t\t\t\t\t\t\t<div class=\"swiper-slide\" role=\"group\" aria-roledescription=\"slide\" aria-label=\"1 sur 6\"><figure class=\"swiper-slide-inner\"><img decoding=\"async\" class=\"swiper-slide-image\" src=\"https:\/\/yanndeclerck.com\/wp-content\/uploads\/2023\/02\/IMG_1783-300x120.jpg\" alt=\"IMG_1783\" \/><\/figure><\/div><div class=\"swiper-slide\" role=\"group\" aria-roledescription=\"slide\" aria-label=\"2 sur 6\"><figure class=\"swiper-slide-inner\"><img decoding=\"async\" class=\"swiper-slide-image\" src=\"https:\/\/yanndeclerck.com\/wp-content\/uploads\/2022\/10\/Logo_NAIRII-300x120.png\" alt=\"Logo_NAIRII\" \/><\/figure><\/div><div class=\"swiper-slide\" role=\"group\" aria-roledescription=\"slide\" aria-label=\"3 sur 6\"><figure class=\"swiper-slide-inner\"><img decoding=\"async\" class=\"swiper-slide-image\" src=\"https:\/\/yanndeclerck.com\/wp-content\/uploads\/2022\/10\/LOGO_CP-300x120.png\" alt=\"LOGO_C&amp;P\" \/><\/figure><\/div><div class=\"swiper-slide\" role=\"group\" aria-roledescription=\"slide\" aria-label=\"4 sur 6\"><figure class=\"swiper-slide-inner\"><img decoding=\"async\" class=\"swiper-slide-image\" src=\"https:\/\/yanndeclerck.com\/wp-content\/uploads\/2022\/11\/Logo-benklark-300x120.png\" alt=\"Logo benklark\" \/><\/figure><\/div><div class=\"swiper-slide\" role=\"group\" aria-roledescription=\"slide\" aria-label=\"5 sur 6\"><figure class=\"swiper-slide-inner\"><img decoding=\"async\" class=\"swiper-slide-image\" src=\"https:\/\/yanndeclerck.com\/wp-content\/uploads\/2022\/11\/Logo_coltesse-300x120.png\" alt=\"Logo_coltesse\" \/><\/figure><\/div><div class=\"swiper-slide\" role=\"group\" aria-roledescription=\"slide\" aria-label=\"6 sur 6\"><figure class=\"swiper-slide-inner\"><img decoding=\"async\" class=\"swiper-slide-image\" src=\"https:\/\/yanndeclerck.com\/wp-content\/uploads\/2022\/11\/Logo-San-300x120.png\" alt=\"Logo San\" \/><\/figure><\/div>\t\t\t<\/div>\n\t\t\t\t\t\t\t\t\t\t\t\t<div class=\"elementor-swiper-button elementor-swiper-button-prev\" role=\"button\" tabindex=\"0\">\n\t\t\t\t\t\t<i aria-hidden=\"true\" class=\"eicon-chevron-left\"><\/i>\t\t\t\t\t<\/div>\n\t\t\t\t\t<div class=\"elementor-swiper-button elementor-swiper-button-next\" role=\"button\" tabindex=\"0\">\n\t\t\t\t\t\t<i aria-hidden=\"true\" class=\"eicon-chevron-right\"><\/i>\t\t\t\t\t<\/div>\n\t\t\t\t\n\t\t\t\t\t\t\t\t\t<div class=\"swiper-pagination\"><\/div>\n\t\t\t\t\t\t\t\t\t<\/div>\n\t\t\t\t\t\t<\/div>\n\t\t\t\t<\/div>\n\t\t\t\t\t<\/div>\n\t\t<\/div>\n\t\t\t\t\t<\/div>\n\t\t<\/section>\n\t\t\t\t<\/div>\n\t\t","protected":false},"excerpt":{"rendered":"<p>Apr\u00e8s avoir collabor\u00e9 avec de nombreuses marques cr\u00e9ateurs, en France et aux Etats-Unis, puis dirig\u00e9 un atelier de production \u00e0 Paris, j\u2019ai d\u00e9cid\u00e9 de lancer ma propre collection. Des pi\u00e8ces dessin\u00e9es et pens\u00e9es pour s&rsquo;int\u00e9grer facilement \u00e0 votre propre garde-robe. Chaque cr\u00e9ation est unique et influenc\u00e9e par l\u2019esth\u00e9tique japonaise \u201dwabi-sabi\u201d. Travaillant principalement \u00e0 partir d&rsquo;\u00e9toffes [&hellip;]<\/p>\n","protected":false},"author":1,"featured_media":0,"parent":0,"menu_order":0,"comment_status":"closed","ping_status":"closed","template":"","meta":{"om_disable_all_campaigns":false,"_uag_custom_page_level_css":"","_monsterinsights_skip_tracking":false,"_monsterinsights_sitenote_active":false,"_monsterinsights_sitenote_note":"","_monsterinsights_sitenote_category":0,"site-sidebar-layout":"no-sidebar","site-content-layout":"page-builder","ast-site-content-layout":"","site-content-style":"default","site-sidebar-style":"default","ast-global-header-display":"","ast-banner-title-visibility":"","ast-main-header-display":"","ast-hfb-above-header-display":"","ast-hfb-below-header-display":"","ast-hfb-mobile-header-display":"","site-post-title":"disabled","ast-breadcrumbs-content":"","ast-featured-img":"disabled","footer-sml-layout":"","theme-transparent-header-meta":"","adv-header-id-meta":"","stick-header-meta":"","header-above-stick-meta":"","header-main-stick-meta":"","header-below-stick-meta":"","astra-migrate-meta-layouts":"default","ast-page-background-enabled":"default","ast-page-background-meta":{"desktop":{"background-color":"var(--ast-global-color-4)","background-image":"","background-repeat":"repeat","background-position":"center center","background-size":"auto","background-attachment":"scroll","background-type":"","background-media":"","overlay-type":"","overlay-color":"","overlay-opacity":"","overlay-gradient":""},"tablet":{"background-color":"","background-image":"","background-repeat":"repeat","background-position":"center center","background-size":"auto","background-attachment":"scroll","background-type":"","background-media":"","overlay-type":"","overlay-color":"","overlay-opacity":"","overlay-gradient":""},"mobile":{"background-color":"","background-image":"","background-repeat":"repeat","background-position":"center center","background-size":"auto","background-attachment":"scroll","background-type":"","background-media":"","overlay-type":"","overlay-color":"","overlay-opacity":"","overlay-gradient":""}},"ast-content-background-meta":{"desktop":{"background-color":"var(--ast-global-color-5)","background-image":"","background-repeat":"repeat","background-position":"center center","background-size":"auto","background-attachment":"scroll","background-type":"","background-media":"","overlay-type":"","overlay-color":"","overlay-opacity":"","overlay-gradient":""},"tablet":{"background-color":"var(--ast-global-color-5)","background-image":"","background-repeat":"repeat","background-position":"center center","background-size":"auto","background-attachment":"scroll","background-type":"","background-media":"","overlay-type":"","overlay-color":"","overlay-opacity":"","overlay-gradient":""},"mobile":{"background-color":"var(--ast-global-color-5)","background-image":"","background-repeat":"repeat","background-position":"center center","background-size":"auto","background-attachment":"scroll","background-type":"","background-media":"","overlay-type":"","overlay-color":"","overlay-opacity":"","overlay-gradient":""}},"footnotes":""},"class_list":["post-4532","page","type-page","status-publish","hentry"],"aioseo_notices":[],"uagb_featured_image_src":{"full":false,"thumbnail":false,"medium":false,"medium_large":false,"large":false,"1536x1536":false,"2048x2048":false,"woocommerce_thumbnail":false,"woocommerce_single":false,"woocommerce_gallery_thumbnail":false},"uagb_author_info":{"display_name":"yann.declerck@gmail.com","author_link":"https:\/\/yanndeclerck.com\/?author=1"},"uagb_comment_info":0,"uagb_excerpt":"Apr\u00e8s avoir collabor\u00e9 avec de nombreuses marques cr\u00e9ateurs, en France et aux Etats-Unis, puis dirig\u00e9 un atelier de production \u00e0 Paris, j\u2019ai d\u00e9cid\u00e9 de lancer ma propre collection. Des pi\u00e8ces dessin\u00e9es et pens\u00e9es pour s&rsquo;int\u00e9grer facilement \u00e0 votre propre garde-robe. Chaque cr\u00e9ation est unique et influenc\u00e9e par l\u2019esth\u00e9tique japonaise \u201dwabi-sabi\u201d. Travaillant principalement \u00e0 partir d&rsquo;\u00e9toffes\u2026","_links":{"self":[{"href":"https:\/\/yanndeclerck.com\/index.php?rest_route=\/wp\/v2\/pages\/4532","targetHints":{"allow":["GET"]}}],"collection":[{"href":"https:\/\/yanndeclerck.com\/index.php?rest_route=\/wp\/v2\/pages"}],"about":[{"href":"https:\/\/yanndeclerck.com\/index.php?rest_route=\/wp\/v2\/types\/page"}],"author":[{"embeddable":true,"href":"https:\/\/yanndeclerck.com\/index.php?rest_route=\/wp\/v2\/users\/1"}],"replies":[{"embeddable":true,"href":"https:\/\/yanndeclerck.com\/index.php?rest_route=%2Fwp%2Fv2%2Fcomments&post=4532"}],"version-history":[{"count":71,"href":"https:\/\/yanndeclerck.com\/index.php?rest_route=\/wp\/v2\/pages\/4532\/revisions"}],"predecessor-version":[{"id":5934,"href":"https:\/\/yanndeclerck.com\/index.php?rest_route=\/wp\/v2\/pages\/4532\/revisions\/5934"}],"wp:attachment":[{"href":"https:\/\/yanndeclerck.com\/index.php?rest_route=%2Fwp%2Fv2%2Fmedia&parent=4532"}],"curies":[{"name":"wp","href":"https:\/\/api.w.org\/{rel}","templated":true}]}}